ltiple of 1070?
True
Does 320 divide 1595318679?
False
Does 341 divide 342311486?
True
Is 357943266 a multiple of 614?
False
Does 16 divide 249137200?
True
Does 19 divide 4160335?
True
Does 13 divide 421564806?
True
Is 90 a factor of 59687280?
True
Is 441715301 a multiple of 474?
False
Does 44 divide 89498665?
False
Is 46 a factor of 3097621?
False
Does 13 divide 24248133?
True
Is 15 a factor of 284019225?
True
Is 425499099 a multiple of 20?
False
Does 50 divide 40361072?
False
Does 781 divide 22156341?
False
Is 128 a factor of 59574899?
False
Does 19 divide 20779945?
False
Is 1251952218 a multiple of 22?
True
Is 198997260 a multiple of 420?
True
Is 53289082 a multiple of 4102?
True
Is 5142 a factor of 356825431?
False
Does 3607 divide 1102079173?
True
Is 193541833 a multiple of 1283?
True
Is 8747115 a multiple of 8?
False
Is 1666072485 a multiple of 4365?
True
Is 11 a factor of 108786843?
True
Does 138 divide 117166260?
False
Is 18 a factor of 157624812?
True
Does 8656 divide 1006614896?
True
Is 266 a factor of 70507290?
True
Does 633 divide 1542840651?
True
Does 2964 divide 54768792?
True
Is 2735 a factor of 3124498490?
False
Is 46703468 a multiple of 3346?
True
Is 181861610 a multiple of 3535?
True
Is 21 a factor of 8881845?
True
Does 240 divide 142396800?
True
Is 10 a factor of 52066765?
False
Is 3895 a factor of 1319158600?
True
Is 453 a factor of 12684027?
False
Does 123 divide 4986694?
False
Is 80 a factor of 5181360?
True
Does 190 divide 2459699150?
True
Is 449 a factor of 135829808?
False
Is 207 a factor of 913827140?
False
Is 2640651130 a multiple of 130?
True
Is 13 a factor of 1521241891?
True
Is 74928669 a multiple of 47?
True
Is 241 a factor of 1007601?
False
Is 231012596 a multiple of 3092?
True
Is 622 a factor of 756082052?
True
Does 5382 divide 512893836?
True
Does 966 divide 26505108?
True
Is 158750172 a multiple of 6?
True
Is 52300658 a multiple of 246?
False
Is 1086982680 a multiple of 2305?
True
Is 270 a factor of 284446057?
False
Does 662 divide 189000678?
False
Is 1756759780 a multiple of 635?
False
Is 174 a factor of 790202904?
True
Is 644104874 a multiple of 24?
False
Is 16 a factor of 940842144?
True
Is 314421830 a multiple of 488?
False
Is 150888674 a multiple of 518?
False
Does 49 divide 1120804783?
True
Is 4261250 a multiple of 250?
True
Does 10 divide 77164130?
True
Does 18 divide 827712077?
False
Is 295403472 a multiple of 234?
True
Is 249574455 a multiple of 65?
True
Does 402 divide 88952248?
False
Is 32141383 a multiple of 1803?
False
Does 26 divide 22710246?
True
Is 7180985 a multiple of 154?
False
Does 423 divide 13986495?
True
Is 13379254 a multiple of 28?
False
Is 3 a factor of 99675669?
True
Is 7 a factor of 4822479?
False
Is 485360290 a multiple of 1366?
True
Is 439153785 a multiple of 163?
True
Is 176259632 a multiple of 3824?
True
Is 19236066 a multiple of 7?
False
Is 6952 a factor of 137246384?
True
Is 8020295 even?
False
Is 16 a factor of 196913114?
False
Is 2464827679 a multiple of 5188?
False
Is 26399913 a multiple of 17?
False
Does 13 divide 95346706?
True
Does 48 divide 33913632?
True
Does 16 divide 2150147013?
False
Does 82 divide 15222562?
True
Is 35981051 a multiple of 6?
False
Does 866 divide 90538594?
False
Does 118 divide 250495710?
True
Is 5141927703 a multiple of 757?
False
Is 91549344 a multiple of 9?
False
Is 84390632 a multiple of 65?
False
Is 2498 a factor of 188419259?
False
Is 113685943 a multiple of 66?
False
Is 7 a factor of 7103117?
True
Is 992280840 a multiple of 530?
True
Is 758 a factor of 216988870?
True
Is 17116968 a multiple of 184?
True
Is 9150382 a multiple of 4?
False
Is 9 a factor of 199798089?
False
Does 151 divide 934992?
True
Is 70001160 a multiple of 122?
True
Is 125838753 a multiple of 33?
False
Does 727 divide 120861797?
False
Is 906 a factor of 295029442?
False
Does 4 divide 2718830?
False
Is 30093869 a multiple of 5?
False
Does 14 divide 46083534?
True
Is 208 a factor of 1637096864?
True
Does 150 divide 63226702?
False
Is 238 a factor of 20000806?
True
Is 104 a factor of 382616?
True
Does 77 divide 4484331568?
False
Is 2298200162 a multiple of 346?
True
Is 28229760 a multiple of 288?
True
Does 153 divide 124315898?
False
Does 534 divide 116925647?
False
Is 2 a factor of 13559979?
False
Is 22 a factor of 4240898?
False
Does 8432 divide 5126179397?
False
Is 7 a factor of 241038504?
True
Is 8837790 a multiple of 430?
True
Does 1086 divide 20249556?
True
Is 39 a factor of 320369314?
False
Does 114 divide 2092074122?
False
Is 34 a factor of 11991800?
True
Does 32 divide 73301184?
True
Is 190813842 a multiple of 4?
False
Is 5238437 a multiple of 383?
False
Does 12 divide 6617944653?
False
Is 759868433 a multiple of 1596?
False
Is 3431 a factor of 9668541?
False
Is 160228770 a multiple of 1798?
True
Is 425885586 a multiple of 14?
True
Is 374 a factor of 21616452?
True
Does 33 divide 33086548?
False
Is 25153761 a multiple of 569?
False
Is 306134232 a multiple of 276?
True
Is 134 a factor of 94303438?
True
Does 18 divide 58683402?
True
Does 92 divide 2641668772?
True
Is 117 a factor of 128663483?
False
Is 13 a factor of 61708029?
False
Is 11 a factor of 229720018?
True
Is 1612 a factor of 2338831456?
True
Is 215445680 a multiple of 40?
True
Does 22 divide 9084733?
False
Is 295061039 a multiple of 398?
False
Is 16 a factor of 816394195?
False
Is 414076506 a multiple of 6?
True
Is 37441035 a multiple of 11?
False
Does 25 divide 999280750?
True
Does 171 divide 790132883?
False
Does 10 divide 4710504?
False
Does 66 divide 342969066?
True
Is 21981500 a multiple of 7?
False
Is 107 a factor of 70426651?
True
Is 88225764 a multiple of 244?
True
Does 72 divide 256248?
True
Does 251 divide 204097387?
True
Does 6 divide 311746868?
False
Is 196354106 a multiple of 260?
False
Is 834 a factor of 30692034?
True
Is 424 a factor of 11222432?
True
Is 32861961 a multiple of 53?
True
Is 1096713 a multiple of 9?
True
Does 2573 divide 246979291?
False
Is 81473150 a multiple of 1135?
False
Does 2480 divide 271262400?
True
Is 123 a factor of 641715108?
True
Is 50 a factor of 36152866?
False
Does 19 divide 1298221?
False
Is 221230723 a multiple of 387?
False
Does 436 divide 31335320?
True
Does 31 divide 120696444?
False
Is 6 a factor of 1940230572?
True
Is 315922056 a multiple of 6?
True
Does 73 divide 209042581?
True
Is 4492815 a multiple of 5?
True
Is 652018538 a multiple of 1049?
True
Does 28 divide 478397900?
False
Is 3206495496 a multiple of 218?
False
Is 450509415 a multiple of 45?
False
Does 538 divide 41537366?
True
Is 122045978 a multiple of 29?
True
Does 181 divide 12889436?
False
Does 6 divide 11323698?
True
Is 742 a factor of 31652858?
False
Is 273 a factor of 2419438950?
False
Does 60 divide 403483860?
True
Is 20 a factor of 485594540?
True
Does 200 divide 17504834?
False
Does 136 divide 1280035128?
True
Is 66414146 a multiple of 91?
False
Is 936351055 a multiple of 33?
False
Is 1902 a factor of 2580695649?
False
Is 197 a factor of 115509264?
False
Does 96 divide 657096676?
False
Is 420 a factor of 805920972?
False
Does 11 divide 512196817?
True
Does 69 divide 103881782?
False
Is 24 a factor of 1139652096?
True
Is 192 a factor of 3555580537?
False
Is 229 a factor of 539298893?
True
Does 6 divide 1081895382?
True
Does 221 divide 388970283?
False
Is 32 a factor of 1934921?
False
Is 2 a factor of 15218127?
False
Does 1054 divide 4843759?
False
Does 361 divide 308599269?
False
Is 50 a factor of 93869970?
False
Does 67 divide 303932837?
True
Is 58774176 a multiple of 16?
True
Does 14 divide 24342640?
True
Is 270462933 a multiple of 4329?
True
Is 59968601 a multiple of 1147?
True
Is 25028682 a multiple of 420?
False
Is 14 a factor of 128624016?
False
Does 89 divide 1609999955?
False
Is 9935189 a multiple of 517?
True
Does 31 divide 133227813?
False
Is 58 a factor of 18082056?
False
Does 57 divide 637532802?
True
Is 1587267 a multiple of 51?
False
Is 34915296 a multiple of 327?
False
Is 720033975 a multiple of 3933?
True
Is 444011394 a multiple of 7?
False
Does 34 divide 87594540?
True
Is 17 a factor of 449014030?
True
Is 819657391 a multiple of 61?
False
Does 746 divide 2156493759?
False
Is 41 a factor of 36842559?
True
Is 430 a factor of 24179760?
True
Does 3 divide 4420575?
True
Does